 (-36)/(-27).
7
Suppose -155*m + 3712 = -147*m. What are the prime factors of m?
2, 29
Let j(c) = -c**3 + 42*c**2 - 45*c - 295. List the prime factors of j(37).
5, 977
Suppose -9*d + 2436 = -5*d. Let u = -374 + d. What are the prime factors of u?
5, 47
Let l(n) = n**2 - 2*n + 4. Let u be l(2). Suppose 0 = u*c - 38 - 70. Let y = -9 + c. What are the prime factors of y?
2, 3
Let b(y) = -y**3 - 5*y**2 + y + 11. Suppose -t - 7 = 2*a + 1, 3*t - 3*a = -15. Let u be b(t). Let v = u - -4. What are the prime factors of v?
3, 5
Let i(l) = 7*l**2 - 11*l - 6. Let k be i(-3). Let p = k + 210. List the prime factors of p.
2, 3, 5
Let v = 6094 + -3875. What are the prime factors of v?
7, 317
Let g(u) = 42*u - 109. List the prime factors of g(19).
13, 53
List the prime factors of 27*(10 - 512/(-12)).
2, 3, 79
Let t be -4 - -1 - (-112 + 0). Let h = t + -65. List the prime factors of h.
2, 11
Suppose -3*z + 29 + 7 = 0. Let g be 0*(-3)/z - 44. Let f = 66 + g. What are the prime factors of f?
2, 11
Let m(l) = -8*l + 1 - 2 - 21*l. Suppose -4*x = 2*z - 18, 0*z + 4*x = 5*z + 25. List the prime factors of m(z).
2, 7
Suppose -4*v - 1597 = -3*w, -3*w = -2*w + 3*v - 541. What are the prime factors of w?
5, 107
Suppose -14*y + z = -10*y - 26237, -3*y = 5*z - 19649. What are the prime factors of y?
2, 3, 1093
Suppose -5*h = -2*a + 52, 0*a - 5*a + 130 = -2*h. Suppose -158 = -4*d + a. Let n = d + -28. List the prime factors of n.
2, 3
Let r(h) = 20*h**2 - 5*h - 6. Let q be r(-4). Suppose 4*m - 1336 = 4*w - 2*w, m = -5*w + q. List the prime factors of m.
2, 167
Let w = -8 + 11. Let v(f) = -f**3 - f**2 - 4*f - 1. Let l(n) = -3*n**3 - 3*n**2 - 9*n - 3. Let b(r) = -2*l(r) + 5*v(r). List the prime factors of b(w).
31
Let s be 1 + 0 + -50 + 1. Suppose 4*a = -6*a - 840. Let l = s - a. What are the prime factors of l?
2, 3
Suppose -3*k + 1643 = 4*s + 499, 4*s - 1144 = 4*k. What are the prime factors of s?
2, 11, 13
Let h be (-6)/((-1)/6*3). Suppose -6*g = -9*g - h. Let i = g + 25. List the prime factors of i.
3, 7
Let d(n) = -49*n + 1142. What are the prime factors of d(7)?
17, 47
Suppose 0 = -13*j + 4*j + 1035. Suppose -3*u + 6*d = d - j, 4*d + 8 = 0. List the prime factors of u.
5, 7
Suppose 0 = l - 2*l - 4. List the prime factors of 65/l*(-15 - -11).
5, 13
Suppose -3*y - 2*a + 18 = -106, 2*a = -2*y + 84. Suppose -4*m = 5*k - y, -4*m = -0*k + k - 56. List the prime factors of m.
3, 5
Suppose -30*k + 39968 = 2*k. List the prime factors of k.
1249
Let r(t) = -414*t - 13. Let g be r(-3). Suppose -13*a + 3321 = -g. List the prime factors of a.
2, 5, 7
Suppose -4*x = q - 14, -4*x + 1 = -q - 17. Let u = 9 - x. What are the prime factors of u/(-15) + (-182)/(-6)?
2, 3, 5
Suppose -408*u + 404*u = -12052. What are the prime factors of u?
23, 131
Let q = 1230 - 678. What are the prime factors of q?
2, 3, 23
Suppose -3*t - 4*x = 19, -4*t + 3*t - x = 7. Let a(c) = -c**3 - 10*c**2 - 9*c. Let r be a(t). List the prime factors of (r - -46) + 4 + -1.
7
Let w(p) = p**2 + 11*p - 8. Let a = 77 - 70. List the prime factors of w(a).
2, 59
Let i = -8 + 13. What are the prime factors of 5 + 37 + i + -1 + 0?
2, 23
Suppose -15*a + 12*a - 2*i = -1365, -4*a - i = -1820. What are the prime factors of a?
5, 7, 13
Suppose -103 - 5 = 4*l. List the prime factors of l*4/(-8)*2.
3
List the prime factors of (-21)/2*(-350)/75.
7
Let w(m) be the first derivative of -m**4/4 - 7*m**3/3 + 3*m**2/2 + 9*m + 5. Let a be w(-7). List the prime factors of 1*2*a/(-8).
3
Suppose -30*c - 10817 = -59*c. List the prime factors of c.
373
Let w(i) = -i**2 - 16*i + 124. List the prime factors of w(-17).
107
Suppose 3*h = -3*s + 6*h, -2*h + 28 = 5*s. Let g(m) = 4*m**2 - 2*m - 3. Let a be g(s). Let j = a - 24. List the prime factors of j.
29
Let m(a) = a + 14. Let w be m(-18). Let o = w - -32. List the prime factors of o.
2, 7
Suppose 0 = 4*z + q - 254 - 1341, 2*q - 790 = -2*z. List the prime factors of z.
2, 5
Suppose -a - 354 = -4*a. Let w = a - 57. List the prime factors of w.
61
Let t(c) = -c**3 - c**2 + 2*c. Let w be (-9)/(-6)*6/(-3). Let d be t(w). Suppose d = u - 15. List the prime factors of u.
3
Let d be -30 + 9/((-27)/(-6)). What are the prime factors of 2/d*-2062 + (-2)/7?
3, 7
Suppose 35 = -2*a + 7*a + 5*m, 0 = a - 4*m + 18. Suppose 2*x - 63 = x + a*s, 0 = x + 3*s - 48. List the prime factors of x.
3, 19
Suppose 0*c - 5*c = -20. Let o = -23 + 27. Suppose c*g = -0*m - 4*m + 128, o*m - 12 = 0. List the prime factors of g.
29
Suppose -4*y - 2*n + 10 = 0, -4*y - 4*n + 17 = 5. Let h(t) = -3*t + t**2 - 5 + 6*t**y + 3. List the prime factors of h(-1).
2
Let g = -731 - -1624. List the prime factors of g.
19, 47
Suppose -223 = -u + 198. What are the prime factors of u?
421
Let x(o) be the third derivative of 0 + o**2 + 3*o**3 + 1/24*o**4 + 0*o. What are the prime factors of x(13)?
31
Let g(w) = -18*w. Let f be g(-6). Let n = f - 65. What are the prime factors of n?
43
Let h(l) be the first derivative of -l**3/3 - 5*l**2/2 + 13*l + 5. Let f be h(-6). Let u = 12 - f. List the prime factors of u.
5
Let r be (8 + 11)*(-1 + 2). Let h = 147 - r. What are the prime factors of h?
2
Suppose 0 = 7*x - 26 + 5. Suppose x*f = 2*l + 175, f - 77 + 28 = 3*l. List the prime factors of f.
61
Let j = 8 + -17. Let w = j + 10. Suppose -5*q + 55 = -4*d - 37, -q - 5*d = -w. What are the prime factors of q?
2
Let z = 25 - 14. What are the prime factors of (64/(-20) - -4) + z/5?
3
Let o be (-21)/(-6)*12/7. Let y be ((-2)/o)/((-8)/(-120)). Let b = 2 - y. List the prime factors of b.
7
Suppose 0 = -3*y - 3*l + 1782, 0 = -y + 2*y + 5*l - 602. What are the prime factors of y?
2, 37
Suppose 10*v - 3*v = 9695. Suppose -v - 673 = -7*l. What are the prime factors of l?
2, 3, 7
Let m(r) = -r**3 + 3*r**2 + 2*r. Let x be m(2). Let j(c) = -c**2 - 13*c + 4. Let i be j(-13). Suppose -g + h = -2*h - x, i = g + h. List the prime factors of g.
5
Let s be -41*2*1/(-2). Let a = s - -14. List the prime factors of 621/33 + 10/a.
19
Let c = -116 + 121. Let d = 1 + -1. Suppose 3*a + c*s - 90 = -2*a, d = -s + 4. What are the prime factors of a?
2, 7
Let l be 25/5 + 1*6/(-3). Suppose 0 = 5*b + 5*s - 740, -144 = -b + l*s - 0. What are the prime factors of b?
3, 7
Suppose -6 = -5*l + 4. Let j(g) = -g**2 - 9*g - 3. Let c be j(-8). Suppose -c = -2*b - 5*z + 11, z = l. List the prime factors of b.
3
Let j = -2 - -6. Suppose 0 = -5*a + 3*x + 253, -x - 55 = -a + j*x. What are the prime factors of a?
2, 5
Suppose 7*k = 10*k + 84. List the prime factors of k/98 + 1598/7.
2, 3, 19
Let o = 29 - 28. Let i(r) = r**3 - 3*r**2 + 3*r - 1. Let z be i(o). Suppose 13*u - 10*u - 48 = z. List the prime factors of u.
2
What are the prime factors of (-89349)/(-65) + (-14)/(-10)?
2, 43
Let c(j) = 196*j**3 - j**2 - 18*j + 41. What are the prime factors of c(2)?
3, 523
Suppose 0 = 79*b - 89*b + 12860. What are the prime factors of b?
2, 643
Let y = -46 - -33. Let u = -11 - y. Suppose -4 = u*n - 84. What are the prime factors of n?
2, 5
Suppose -2*o - 2*g + 0*g - 6 = 0, -5*o - 3*g - 9 = 0. Let m = o - -4. Suppose -m*i + 5*i - 36 = 0. What are the prime factors of i?
2, 3
Let l = 329 - 164. Let b = l + -14. List the prime factors of b.
151
Let a(i) = -57*i + 1. Let t be a(-1). Suppose -5*z + 30 + 16 = 2*q, -3*q + t = 2*z. What are the prime factors of 29/2 + 9/q?
3, 5
Let f = -1658 - -2328. List the prime factors of f.
2, 5, 67
Let k(b) = b**3 - 7*b**2 + 2*b + 10. Let l be k(7). Let o = l + -16. List the prime factors of (o/(-16))/(1/(-90)).
3, 5
Let p = 11 - 11. Suppose w = -p*w + 25. Suppose -17 = -2*o + w. What are the prime factors of o?
3, 7
Let h(z) = -z - 27. Let u be h(0). Let k = -27 - u. List the prime factors of k + (-36)/(-2 + 1).
2, 3
Let x(l) = -21*l**2 + l + 2. Let m be x(-1). Let i be (m/(-5))/((-4)/(-6)). Suppose 5*s = 2*d - i*d + 263, -d = 5*s - 257. List the prime factors of s.
3, 17
Suppose -231*b - 44594 = -242*b. List the prime factors of b.
2, 2027
Let t be ((-2)/5)/(10/((-150)/3)). Let p(y) = 406*y - 1. Let s be p(1). What are the prime factors of s/6 - t/4?
67
Suppose 5*z + 6 = 26. Let n(l) = 20*l + 15*l - z + 5. What are the prime factors of n(1)?
2, 3
Suppose 15 = 2*s + s. Suppose -2*v + s*l - 4*l + 166 = 0, v - 5*l = 101. List the prime factors of v.
3
Let i(d) = 2*d**2 + 29*